 + m. Give k(-1).
-9
Let b = -1869 + 1872. Let d(y) = -6*y**2 - y - 1. What is d(b)?
-58
Let r be (0 - 40)/(-4*5/40). Let a(m) = 4 - 32*m - 24*m - 23*m - 22 + r*m. Give a(8).
-10
Let l(n) be the third derivative of -n**6/120 - n**4/24 - n**3 + 197*n**2 - 2. Let s = -4 + 4. Determine l(s).
-6
Let l(g) be the first derivative of 4*g**3/3 - 40*g**2 - 4*g + 6169. Give l(20).
-4
Let s = -1218 - -1189. Let g(t) = -4*t - 114. Determine g(s).
2
Let a be -13*12/(-1170) - 868/210. Let g(r) = 9*r + 25. Give g(a).
-11
Let w(z) be the first derivative of 1/4*z**4 - 71 + 5*z**2 - 16*z + 13/3*z**3. Determine w(-12).
8
Let h = -3408 - -3412. Let f(i) = -i**3 + 4*i**2 - 5*i + 16. Calculate f(h).
-4
Let j(h) = -11 + 27 + h**2 + 27 + 11*h + 18*h - 9*h. Determine j(-15).
-32
Let b(n) = -22*n**2 - 20*n - 7. Let t(v) = 10*v**2 + 9*v + 3. Suppose 6*a + 227 = 263. Let l(d) = a*b(d) + 13*t(d). What is l(-5)?
-38
Let f be -3*1 + -1 + 91. Suppose -2*b = 2*b - 3*n - 116, 3*n + f = 3*b. Let s(c) = -18 - c**2 - 12 + 4*c + b. Calculate s(5).
-6
Let q(f) = -5*f**2 - 298*f - 172. Let r be q(-59). Let h(u) be the first derivative of -u**3 + 7*u**2/2 + 2*u + 4. What is h(r)?
-38
Let j(k) = k**2 - 4*k + 2. Let h = 205 - 96. Let n = h - 71. Suppose -7*o + n = 3. What is j(o)?
7
Let c(h) = -2*h**2 + 2*h + 4. Let q be c(0). Suppose 3*v = -q*z + 8, -v + 3*v = 8. Let n(a) = -6*a**3 + a**2 - a - 1. Calculate n(z).
7
Suppose -11 = -2*j - 5. Let x(y) be the first derivative of y**3/3 - 2*y - 2909. Determine x(j).
7
Let q = -325 + 523. Suppose 0 = 11*k - 13*k + q. Let x = k - 89. Let a(c) = -c**2 + 9*c + 11. What is a(x)?
1
Let g(n) = -n**2 + 2*n + 5. Suppose 0 = -50*v + 88 + 62. Let k(q) = q - 3. Let j(r) = v*k(r) + 2*g(r). Let y(u) = 4*u + 1. Let m be y(1). Give j(m).
-14
Suppose -56*f = -51*f. Suppose -h - h + 4 = f. Let d(p) = -2 - 22*p**2 + 9*p**2 + 11*p**h - 2*p + 0*p**3 + p**3. Determine d(3).
1
Let c(n) be the second derivative of -n**4/6 - 17*n**3/2 + 57*n**2/2 - 1048*n - 2. Give c(-26).
31
Suppose 14*x + 529 - 445 = 0. Let a(j) = j**2 + 0 - 13 + 7*j + 6. Let u(y) = y**2 + 6*y - 6. Let i(k) = 2*a(k) - 3*u(k). Calculate i(x).
-8
Let j(u) = -u**3 + u + 22. Let o = -2185 - -2185. What is j(o)?
22
Let z(s) = s**2 - 5 + 2 + 0. Suppose 529*q + 346*q - 87*q + 2364 = 0. Calculate z(q).
6
Let r(z) = -z**3 + z**2 - z - 8. Let h = 93 - 41. Let k = h + -172. Let f = k - -120. Give r(f).
-8
Suppose 114 + 84 = 6*h. Let b be 6/h + (-31)/(-11). Suppose -4*j + 29 = b*r, r - 17 = 2*r - 4*j. Let v(p) = p**2 - 3. Calculate v(r).
6
Let o(a) = 2160 - 2150 - 28*a + a - 2*a**2. Let u be (-43)/3 + -8*3/(-72). Let g be o(u). Let c(t) = t**3 + 5*t**2 + 3*t + 5. Give c(g).
9
Let p(i) = i - 11. Suppose -k - 54 = -3*f, 5*k = 75*f - 77*f + 70. Give p(f).
9
Let r(b) = 2*b**3 + 7*b**2 - 4*b + 4. Let s be -2*(1/(-2) + -2) - 495/55. Give r(s).
4
Let r(q) be the second derivative of -q**7/2520 + q**6/144 + q**5/120 + 17*q**4/6 + q. Let j(o) be the third derivative of r(o). Give j(5).
1
Let x(m) = 2*m**2 + m - 4*m**2 + m**2 + 2. Let w be x(0). Let r(i) = 23*i - 10. Let b(c) = -37*c + 16. Let v(f) = 5*b(f) + 8*r(f). What is v(w)?
-2
Let q(p) = -p + 29. Let a be ((-2)/32*-4)/(1/84). Let m be q(a). Let b(l) = 8 + 5*l**2 - 10*l - 6*l**2 + 2*l**2. What is b(m)?
-8
Suppose -3*y = -133*u + 130*u, 3*y - 5*u - 14 = 0. Let a(q) = q**3 + 6*q**2 - 2*q - 8. Calculate a(y).
-43
Let d(m) = 3*m + 1. Suppose 2*k + k = -4*w + 48, 16 = 4*k. Suppose 60 - 87 = -w*l. What is d(l)?
10
Let u(y) = -y**3 - y - 2. Let l = 4283 - 4285. Let t be (0 - -1) + (0 - -1). Let k be (8/l)/(0/(-3) + t). Determine u(k).
8
Suppose 303*w - 301*w = 2*n - 32, -w + 80 = 5*n. Let m(j) = j**2 - 16*j - 50. Give m(n).
-50
Let a(w) be the second derivative of -w**5/20 - w**4/2 + 3*w**3/2 + 9*w**2/2 + 1463*w. Determine a(-7).
-5
Let f = -14 - -17. Let r(l) = 11*l**2 + l - 5 - l**f - 2*l - 19*l**2. Suppose -4*p - 28 = 4*n, 2*n = 5*p - 5 + 47. Calculate r(p).
3
Suppose -2*v + 3*b = 0, 2*b + 3 = 11. Let n(g) = -g**3 + g**2 + 25*g + 2. Let h be n(v). Let d be (-4)/14 - (-48)/h. Let z(j) = 2*j**2 - 2. Give z(d).
6
Let u(r) be the second derivative of -r**5/20 + 5*r**4/4 - 5*r**3/2 + 17*r**2/2 + 346*r. Determine u(14).
3
Suppose -3*o - 87 = 5*x - 55, -o - 8 = -x. Let c(z) = 115*z**3 - z**2 - 3*z - 2. Determine c(x).
-115
Let t = 1394 + -1393. Let a(u) = -32*u**3 + 2*u**2 - 3*u + 2. Give a(t).
-31
Let c(m) = 2*m**2 - 17*m + 24. Let y be c(7). Suppose 2*g = y - 7. Let f(j) = 2*j**3 + 2*j**2 - 2*j. Give f(g).
-4
Let c(h) = h**3 + 6*h**2 - 2. Let r = -82 - -85. Let u = r + -28. Let y = -31 - u. Determine c(y).
-2
Let c(r) = r**3 + 9*r**2 - 13. Suppose -242*u + 253*u - 176 = 0. Let i be 1 + (-768)/76 + u/152. Determine c(i).
-13
Let p(c) = 7*c**2 + c - 8. Suppose u + 4*s + 8 = 0, 4*s - 7*s = 3*u + 15. What is p(u)?
100
Suppose 70 = 5*x + 2*a + 3*a, -2*x + a = -40. Suppose 2 = -4*g + x. Let j be (((-55)/2)/5)/(2/g). Let p(u) = -u - 11. Give p(j).
0
Let l(n) be the third derivative of n**8/20160 - n**7/504 + n**6/240 + 31*n**5/20 + n**4/24 + 10*n**2. Let t(q) be the third derivative of l(q). Calculate t(8).
-13
Let y(j) = -j**2 - 8*j. Suppose -4*g + g = 2*z - 62, -4*z + 5*g = -102. Let n be -1 - (2 + 8/(-1)). Suppose k - z = n*k. Determine y(k).
7
Let x be (-1 + -3 + -1)/(-1). Let s(w) = 3 - 5*w + 5*w**2 - 11*w**2 + x*w**2. Give s(-4).
7
Let l be ((-10)/4)/((-2)/(-4)). Let u be 282/54 + l + (-166)/18. Let s(j) = 1 - 2*j + 1 - 9 - 3. Give s(u).
8
Let r(j) be the third derivative of j**4/6 - 35*j**3/6 - 1479*j**2 - 3. What is r(15)?
25
Suppose 21 = -14*m + 63. Let b(s) = 16*s**2 + 18*s**2 - m - s**3 - 28*s**2 + 8*s. Let n(g) = -g**2 + 5*g + 1. Let u be n(3). Determine b(u).
4
Let a(r) = -8*r + 4*r - 3*r + 2*r - 5*r. Suppose 17 = 14*j + 3. Determine a(j).
-10
Let f(y) be the third derivative of -13*y**4/24 + 135*y**3/2 - 1238*y**2. What is f(31)?
2
Let j(y) = y**3 - 8*y**2 + 11*y + 9. Let s = -400 + 415. Suppose s*c - 54 = 6*c. Calculate j(c).
3
Let r(q) = -3*q**2 + 3*q - 2. Let m = 244 - 241. Let v be m*(7/63)/((-2)/(-12)). Calculate r(v).
-8
Let r be (168/294)/(1/42). Let x(k) = -k**3 - r*k + 86 - 14*k**2 - 40 - 51. Determine x(-12).
-5
Let n(m) = -6*m**2 - m - 4. Let h = -2 - -8. Let x(k) = -7*k**2 - k - 4. Let u(p) = h*n(p) - 5*x(p). Suppose 18*c + 10*c + 50*c = 0. What is u(c)?
-4
Suppose 0 = 4*u - 5 - 7. Let m(z) = 2*z - 4. Let p(x) be the first derivative of -2*x**2 + 7*x + 78. Let k(g) = -5*m(g) - 3*p(g). Determine k(u).
5
Suppose 72*i - 135 = 81. Let z(n) = 3*n + 2. Give z(i).
11
Let h(a) = -2*a**2 + 106*a - 478. Let j be h(48). Let z(q) = 89*q - 173. Give z(j).
5
Let d be -323*(-11)/(22/18). Let p be (-2)/(-11) - d/561. Let s(n) = -n**2 - 4*n - 2. Calculate s(p).
-7
Let w(j) = -19*j + 223. Suppose -254*g = -2*x - 259*g - 21, 4*x + 5*g = 3. Calculate w(x).
-5
Let u(b) be the second derivative of -3 - 4*b + 3/2*b**2 + 5/2*b**3. What is u(-3)?
-42
Let p(v) = -v - 5. Suppose 0 = -6*m + 573 - 537. Let a be ((-21)/m)/((35/10)/7). What is p(a)?
2
Let h(y) = y**3 + 21*y**2 + 36*y - 35. Let m be h(-19). Let c(k) = -4 + 2*k**2 - 161*k**m - 165*k**3 + 325*k**3 - k. Determine c(3).
-16
Let d(j) = 7*j - 84. Let b be d(12). Suppose r - 40 = -5*s, -3*s + r + 3 + 13 = b. Let v(h) = h**3 - 8*h**2 + 7*h. Give v(s).
0
Let x(m) = -105*m - 15. Let b(u) = -13*u - 2. Let h(j) = -33*b(j) + 4*x(j). Let k(g) = -6*g - 5. Let a(i) = 4*h(i) + 5*k(i). Give a(4).
23
Suppose -5*f = -m - 4*m + 55, -5*m = -20. Let d(b) = -3*b**2 + 9 - 3016546*b - b**3 + 3016547*b - 4*b**2. What is d(f)?
2
Suppose 25*a - 344 = -319. Let s(l) = -34*l**2 - 2*l + 3. What is s(a)?
-33
Let l(y) be the first derivative of -19*y**2/2 - 22*y - 1433. Give l(-5).
73
Let f(k) be the third derivative of 6*k**2 + 0 + 0*k**4 + 1/120*k**6 - 1/2*k**3 + 11/60*k**5 - k. Let h = -2 + -9. Calculate f(h).
-3
Let v(w) = w**2 - 7*w - 17. Let u be (304/(-32) - -10)*0. Calculate v(u).
-17
Let b(i) be the first derivative of 0*i - 31 + 3/2*i**2. Give b(2).
6
Suppose 5*z - 5 = 5*v - 30, 0 = 4*v - 3*z - 17. Let y(h) = -h - 86*h**2 + 168*h**2 - 87*h**2 + 1. Calculate y(v).
-21
Let j(m) = -8*m - 42. Let s(u) = 13*u**2 + 46*u + 16. Let i be s(-3). Give j(i).
-2
Let k(n) = 4*n**3 - 1 - 5*n**3 - 2*n**2 - n**2. Suppose -2*t - y = -32, -5*t + 10*t - 